z - 44 + 465, -2*z + 5*f + 223 = 0. Let s = 0 + z. Suppose s - 322 = -g. Is g a composite number?
False
Let u = -303 + 634. Let p = u - 84. Let l = 16 + p. Is l a prime number?
True
Let k(p) = 10*p - 4. Let u be k(8). Suppose 3*w + h + u = 4*w, -2*w + 137 = h. Let o = w - -168. Is o prime?
True
Suppose 10*r + 2*o + 219257 = 15*r, 0 = 5*r + 3*o - 219277. Is r a prime number?
True
Suppose 0 = 5*c + 4*s - 38777, -5*s + 14 = -1. Is c composite?
False
Let h be (-356)/52 + 1/(-13)*2. Is 317 + (0 - -1) - (6 + h) a composite number?
True
Let s = -3 + 2. Let b = s + 3. Is -1*-2*83/b a prime number?
True
Let w = -1 + 4. Suppose 3*s - 2*y = 2*y + w, 21 = 3*s + 2*y. Suppose 0 = 5*r - s*d + 289 - 1369, -2*r + 447 = d. Is r a composite number?
True
Let j be 54/(-9)*(-2)/4. Suppose 4*k + j = 5*k. Is k/(1 - -2) + 22 prime?
True
Suppose 0*c + c = 6*c. Suppose 8*q - 3*q - 13885 = c. Is q composite?
False
Suppose 4*m = -5*q + q + 20352, -5*m + 25412 = -2*q. Is m/8 + (-2)/4 prime?
False
Suppose 360 + 1725 = -5*o. Suppose 0*g + 5*w = -g + 9, 3*g + 5*w - 27 = 0. Is (-1)/3 - o/g a composite number?
True
Let n = -4379 - -18621. Is n composite?
True
Let w(p) = -34*p + 1. Let x(i) = -34*i + 1. Let o(y) = -7*w(y) + 6*x(y). Is o(11) prime?
True
Let p = -36 - -18. Let n be (p/(-15))/(15/(-50)). Is ((-177)/12)/(n/16) a prime number?
True
Let a = 36 - 54. Let b(g) = g**2 + 19*g + 20. Let o be b(a). Suppose 6*k - 1564 = o*k. Is k a composite number?
True
Let w(d) = -201*d - 1. Let f be w(-2). Suppose y + 0*y + 5*m - f = 0, -8 = -4*m. Is y prime?
False
Let v(r) be the second derivative of 187*r**4/12 - r**3/3 + r**2/2 + 24*r. Is v(-2) composite?
True
Suppose 0 = -4*d - 5*a + 2801, a - 2781 = -4*d - 0*d. Is d composite?
True
Let j = -8 + 14. Let i(x) = j*x**2 - 7 - 1 + 0 + 1. Is i(-6) prime?
False
Suppose -1 = l - 5. Suppose -3548 = -l*s + 5*j - 1278, j = 5*s - 2827. Is s composite?
True
Let i = 437 - 406. Is i composite?
False
Suppose -5*r + 20 = -9*r. Is -1259*(-1 - 0/r) a composite number?
False
Let c be 5 + 3 + (-6 - -2). Suppose n = -c*a - 455, -3*n - n + a - 1786 = 0. Let i = n + 890. Is i composite?
False
Is (4/24*4)/(18/45711) a prime number?
True
Let l(v) = -v + 6. Let j = 0 + 4. Let b be l(j). Suppose 766 = 2*x + b*d - 3196, -7924 = -4*x + 2*d. Is x a composite number?
True
Let y(t) = 1105*t - 43. Is y(6) a prime number?
False
Suppose 0 = 4*m - 8556 - 3292. Suppose 11*i = m - 993. Is i composite?
False
Suppose -4*f + 16 = 0, -v + 73 = 4*f + 5. Suppose -149 = -3*t + v. Is t prime?
True
Let t = 12 + -12. Suppose -5*v + z + 8 = t, 0 = -3*v + 5*z - 5 + 1. Suppose 296 = 4*x + 2*s + v*s, -x + 59 = 4*s. Is x composite?
False
Let s = -5 + 13. Suppose -4 = -4*j, -3*l - 2*j + 6*j + s = 0. Suppose 0 = 3*w - 2*g - 1391, g - 909 = -l*w + 964. Is w composite?
False
Suppose 114 + 114 = -c. Is c/(-8)*(-46)/(-3) composite?
True
Suppose 3*m = -2*q + 1109, -3*q + 2762 = 2*q - 3*m. Is q a composite number?
True
Let z(i) = -i**3 + 11*i**2 + 61*i - 11. Is z(-8) composite?
True
Let f(p) = 178*p**3 - 2*p + 1. Is f(1) a composite number?
True
Let b(v) = -2*v**3 - 3*v**2 - 6*v + 6. Let i be (-1*6)/2 + -2. Let a be b(i). Suppose -4*z = -3*g + a, 5*g - 344 = -3*z + 2*z. Is g a prime number?
False
Let b(r) = -6*r**3 - 56*r**2 - 70*r + 4. Let i(c) = c**3 + 11*c**2 + 14*c - 1. Let s(f) = 2*b(f) + 11*i(f). Suppose -q + 3 = -7. Is s(q) composite?
False
Let t = -88 - -90. Suppose -t*f + 383 = -5*p, 3*f = -3*p + 105 + 501. Is f a composite number?
False
Let d(b) = 18*b**2 + 39*b + 49. Is d(-26) prime?
False
Let i(z) = -2 - 6 - 8*z + 52*z**2 + 5. Is i(4) a composite number?
False
Let o = -6454 - -16577. Is o a composite number?
True
Suppose 0 = 4*s + 212 - 676. Let d = 213 - s. Is d a prime number?
True
Let a(u) = -2*u**3 - 2*u**2 + u - 6. Let c(w) = 2*w**3 + 2*w**2 - w + 5. Let d(q) = -6*a(q) - 7*c(q). Let n be d(-8). Suppose 4*l - 3*l - n = 0. Is l prime?
False
Let f = 19028 - 13557. Is f prime?
True
Is (-60224)/(-8) - -7 - (-3)/(-3) prime?
False
Let k = 975 - 677. Suppose q - 1753 = k. Is q a prime number?
False
Let c(k) = -k**3 - 280 + 11*k**2 + 280 + 3*k. Let h be c(11). Let i = -12 + h. Is i a composite number?
True
Suppose 3*h + k - 5*k = -50, -h = -k + 17. Is (-9)/h - ((-153)/2 - 2) composite?
False
Let a(h) = 2*h - 8. Let g be a(4). Let k be (-4 - -112)*(g + 1). Let n = 227 - k. Is n a composite number?
True
Let w = 31106 - 13337. Is w a composite number?
True
Suppose -12*j + 64 = 4*j. Suppose 0 = -3*k - j*k + 10297. Is k composite?
False
Let u = -26 + 42. Is 1 + (-1305)/12*u/(-2) composite?
True
Let u be -1 + 0 + (-25)/5. Let k be (1 - 2)/(0 + 1). Is (19/3)/(k/u) a prime number?
False
Let a(f) be the third derivative of 1079*f**5/30 + f**3/6 - 35*f**2. Is a(1) a composite number?
True
Suppose -a + 6895 = -h, -1447 = a - 3*h - 8334. Is a a composite number?
False
Let i = -15885 - -41620. Is i composite?
True
Let p be 52/5 + (-9)/(-15). Let v(a) = 69*a**2 - 32. Is v(p) a composite number?
False
Let v(w) = 184*w - 101. Is v(3) a prime number?
False
Let l(y) = 426*y + 1. Let c be -4 + (-6)/(-1) + 0. Is l(c) composite?
False
Let q = 803 + 4438. Is q composite?
True
Is (20796/16 - 0)/(21/140) prime?
False
Suppose -6*r = -r - 85. Suppose 4*v + r = 165. Is v a prime number?
True
Let y = -94 + 104. Let k(b) = b**3 - 12*b**2 + 27*b + 17. Is k(y) a prime number?
False
Let y = -428 + 234. Let s = y - -2901. Is s a prime number?
True
Let h(k) = 7676*k**2 + 128*k - 11. Is h(5) prime?
True
Suppose -5*r - 6 = -7*r. Suppose -312 = -5*x - 4*f - 26, 0 = 4*x - r*f - 235. Is x prime?
False
Let c = -48 - -64. Suppose 319 = j - 3*s, 2*s - 6*s - c = 0. Is j a composite number?
False
Suppose -4 = -5*l + 6, 0 = 3*j + 5*l - 1597. Is j a composite number?
True
Suppose -3*h = 25 - 232. Is h/1*60/36 prime?
False
Suppose 6*h - 140749 = -5*v + 3*h, 0 = -4*v - h + 112602. Is v composite?
False
Let o(g) = g**3 + 15*g**2 + 15*g + 19. Let a be o(-14). Suppose -5*t + 12 = -2*d - 16, 5 = a*d. Is 305*1/(10/t) a composite number?
True
Suppose -u + 26 = -49. Suppose f - 4*h = -51 - u, h = 4*f + 564. Let o = 269 + f. Is o a composite number?
False
Is ((-106)/6)/(58/(-58638)) prime?
False
Suppose -8*l + 8706 = -10838. Let q = l - 288. Is q prime?
False
Let u(d) = -d**2 - 5*d. Let j be u(-5). Let w = -18 + 23. Suppose v - 925 = -5*b + 6*v, j = -w*b + v + 925. Is b composite?
True
Suppose -u + 1908 = k - 5*k, -3*k = 5*u - 9586. Suppose 12*t - 16*t = -u. Let d = -150 + t. Is d composite?
True
Is -596*(-2 + 42/24) prime?
True
Suppose -8*w + 12*w = -56. Let o(g) = -15*g - 29. Is o(w) composite?
False
Suppose 6*n = 19919 + 1939. Is n prime?
True
Let l(b) = 11*b**2 - 9*b + 2. Let p be l(6). Suppose 4217 = 5*r - 4*s, 2*r + 4*s - 1667 = -s. Suppose -r = -v - p. Is v a prime number?
False
Suppose 0 = 4*h - 5*z - 9, -4*z - z - 10 = -5*h. Is (365 + -10 + 3)*h/2 prime?
True
Let x(i) = i**2 - 8*i - 6. Let z be x(9). Suppose 0 = 5*k + 2*l + 25, -2*l - 13 = 4*k - z*k. Is (-2365)/(-44) + k/4 composite?
False
Suppose 3*l + 5*s = -6868, 5*s - 6848 = -4*l + 7*l. Let j = l + 5381. Is j prime?
False
Let b be (-12)/20 - 23/(-5). Suppose 3*w = 3*n - 5898, -w - w = b*n - 7870. Is n a composite number?
True
Let x = 4544 - -663. Is x a prime number?
False
Let u = -45684 + 81865. Is u a composite number?
True
Let o be (-2)/10 + (-144)/(-45). Suppose o*n = t - 5*t + 4, -16 = -t + 3*n. Suppose -4*v = -2*u - 306, -t*v - 3*u = -v - 252. Is v a composite number?
False
Suppose -4*r = t - 494, -5*r = -0*r + 4*t - 623. Is r a prime number?
False
Let q(p) be the third derivative of 0*p - 6*p**2 + 0*p**3 + 0 - 37/24*p**4. Is q(-2) composite?
True
Let i(n) = n**2 - 4. Let h = -1 - -4. Let c be i(h). Suppose 4*d - 2*d - 795 = -c*t, -3*t - d = -476. Is t composite?
False
Suppose 0 = -19*d + 12445 + 403902. Is d prime?
False
Is 86204/10 + (-261)/(-435) a composite number?
True
Let r = -3 - -1. Is (10 + -8)*(-479)/r a composite number?
False
Let r be -2*(-1 + 3/((-6)/2)). Suppose g = r*i - 535, -4*g = -i + 179 - 49. Is i prime?
False
Suppose 4*f - 3*g - 7121 = 0, -2*g - 3*g + 7097 = 4*f. Suppose -w + 2*n = -729 - f, 4*n + 2511 = w. Is w prime?
True
Suppose 3*m + 36566 = 3*l - 2*m, 4*m = 20. Is l a composite number?
False
Let l = -56249 - -84096. Is l prime?
True
Let i(x) 